In base 12, what is -2474b5b2 + 5?
-2474b5a9
In base 8, what is 0 - -1734526?
1734526
In base 9, what is 5200602 - 103?
5200488
In base 10, what is -354339191 + 4?
-354339187
In base 6, what is -321 + 232043335?
232043014
In base 13, what is 524a5 - 8c?
52416
In base 9, what is 1 - -1502237?
1502238
In base 14, what is 165 - 23c20d?
-23c088
In base 3, what is -1110112021021010 + -2?
-1110112021021012
In base 5, what is 1032134143 - 13?
1032134130
In base 8, what is 40561240 + -5?
40561233
In base 14, what is -2 + a88a67?
a88a65
In base 13, what is 3 + -11cb75a?
-11cb757
In base 12, what is -7094a6 - -18?
-70948a
In base 16, what is 1 - -3402fd?
3402fe
In base 12, what is -2 - 5a66553?
-5a66555
In base 14, what is 59496 + -47?
5944d
In base 15, what is -4b05 - 776?
-537b
In base 8, what is -27 + -44466164?
-44466213
In base 13, what is -745cc7 - -5?
-745cc2
In base 10, what is -1458 - 861403?
-862861
In base 5, what is -1241442320 - 3?
-1241442323
In base 3, what is 22100021111102 + 100?
22100021111202
In base 8, what is -167347 + -627?
-170176
In base 15, what is 2 + -b04d7?
-b04d5
In base 16, what is fa6 - -274?
121a
In base 8, what is 610 - -16?
626
In base 4, what is -113201201 - 213131?
-120020332
In base 5, what is 0 + -111421012?
-111421012
In base 9, what is 8 - -255411?
255420
In base 10, what is 5 + 269708?
269713
In base 3, what is 10021102020 + 11201?
10021120221
In base 7, what is -1256114316 - -1?
-1256114315
In base 12, what is 446742 - -2?
446744
In base 12, what is 467 + 1a698?
1ab43
In base 11, what is 979 - -213631?
2144aa
In base 8, what is -3 - 243717203?
-243717206
In base 16, what is 0 - b9a934?
-b9a934
In base 4, what is 10112 + 13300123?
13310301
In base 8, what is -205 + -22572?
-22777
In base 6, what is 105451 + 255424?
405315
In base 10, what is -232 - 15795?
-16027
In base 13, what is 54943 - -328?
54c6b
In base 2, what is 0 - 111010101101100001011101?
-111010101101100001011101
In base 4, what is 112301330 + 30321?
112332311
In base 5, what is 22 + 313241334?
313241411
In base 12, what is b9545 + 2641?
bbb86
In base 3, what is -201112022202212 - -20?
-201112022202122
In base 5, what is -240422243213 + 11?
-240422243202
In base 8, what is -444204 - 5433?
-451637
In base 15, what is -6 - -1edc602?
1edc5eb
In base 9, what is 36270 + -463?
35706
In base 6, what is -10121 - -2012025?
2001504
In base 11, what is 1496 - 277?
121a
In base 13, what is 0 - 6b68930?
-6b68930
In base 12, what is 2411377 - 3?
2411374
In base 12, what is 4 + 169b15?
169b19
In base 10, what is -4 - -3873046?
3873042
In base 10, what is -344961 - 854?
-345815
In base 2, what is -1111000100110110100110110100 + 10?
-1111000100110110100110110010
In base 7, what is -331 - -452364?
452033
In base 11, what is 248 - -552524?
552771
In base 15, what is 126 + -73e17?
-73ce1
In base 9, what is 431688 - -5?
431704
In base 14, what is -2 + -89093?
-89095
In base 8, what is -5 + -1621373271?
-1621373276
In base 11, what is 12499 + -24085?
-11697
In base 3, what is -2022 - -21021012102?
21021010010
In base 12, what is 935a - 9aa6?
-748
In base 3, what is 102212120110 + -1100020?
102211020020
In base 6, what is -2123450412 - 3?
-2123450415
In base 11, what is -38aa8303 - 1?
-38aa8304
In base 8, what is -1330 + -134045?
-135375
In base 11, what is -32 + 26783?
26751
In base 6, what is 21130 + -200324?
-135154
In base 15, what is -44223 - -81?
-44192
In base 9, what is -1273808 + -17?
-1273826
In base 15, what is 254e + -7c1?
1c7d
In base 9, what is 22 - -14388214?
14388236
In base 11, what is -84a0400 - -3?
-84a03a8
In base 13, what is -a - -3a5680?
3a5673
In base 7, what is 3 + 30351604?
30351610
In base 11, what is -2 - 13858697?
-13858699
In base 10, what is -3 + -15031?
-15034
In base 6, what is 120 - -130351411?
130351531
In base 4, what is 10130103 + 11230002?
22020111
In base 10, what is -7005 + -864?
-7869
In base 6, what is 5 - -10113402510?
10113402515
In base 8, what is 231615 + 16301?
250116
In base 3, what is -121011 - 1211011?
-2102022
In base 15, what is 24b - -ac?
308
In base 8, what is 40125041 - 3?
40125036
In base 6, what is -5 - -5034113331?
5034113322
In base 6, what is 11 + 254134234?
254134245
In base 5, what is -31440341 + 3013?
-31432323
In base 7, what is -41655102 + 3?
-41655066
In base 13, what is -7 + -a54a882?
-a54a889
In base 11, what is -5 + -1674949?
-1674953
In base 6, what is -13252334 + -22?
-13252400
In base 6, what is -4543 - -305240?
300253
In base 13, what is -3456 - 75503?
-78959
In base 2, what is 1101111011100011110 - -1010?
1101111011100101000
In base 8, what is 631432 - 1565?
627645
In base 5, what is -1300 + 1013410?
1012110
In base 5, what is 3011012444 + -4?
3011012440
In base 5, what is 1204011102 + 0?
1204011102
In base 5, what is -144111203 + 2330?
-144103323
In base 12, what is -5 - 4b021a4?
-4b021a9
In base 10, what is -131438 - 474?
-131912
In base 13, what is -1486 - -1751?
298
In base 13, what is -31cb + -918?
-3b16
In base 9, what is -2014364 + 2?
-2014362
In base 12, what is 119bb02 - 78?
119ba46
In base 11, what is -2154816 - 1?
-2154817
In base 13, what is 8bc52 + c?
8bc61
In base 9, what is 443 + 156506?
157050
In base 7, what is 3 - 1660411?
-1660405
In base 15, what is -62 - -e7036?
e6ec4
In base 6, what is -320 - -2452514?
2452154
In base 15, what is -cd690 + 53?
-cd63c
In base 10, what is 51188 + 293?
51481
In base 9, what is -6 + -138411?
-138417
In base 16, what is -3f9 - 99?
-492
In base 8, what is -6 + 415463615?
415463607
In base 14, what is -8cb073 + 11?
-8cb062
In base 3, what is 11010021101201 - -21102?
11010021200010
In base 5, what is 3 + 3422011400?
3422011403
In base 5, what is 122 + -1103201003?
-1103200331
In base 10, what is 5 - 1936043?
-1936038
In base 13, what is 0 + -71141a?
-71141a
In base 6, what is -42205 - -31223?
-10542
In base 2, what is -1110011001110110101111011 - -100?
-1110011001110110101110111
In base 8, what is 21 + -42551?
-42530
In base 15, what is 2b5 - 46998?
-466d3
In base 16, what is 0 + -463ca3?
-463ca3
In base 10, what is -5418455 + 3?
-5418452
In base 8, what is 2161531 - 5?
2161524
In base 16, what is 1 + d1fc69?
d1fc6a
In base 14, what is 14 - 2636a?
-26356
In base 10, what is -2696664 - 2?
-2696666
In base 4, what is -11312132210 - -200?
-11312132010
In base 6, what is -21505330 + -14?
-21505344
In base 11, what is 21538 - -313?
21850
In base 14, what is -db000 + -176?
-db176
In base 8, what is 4312172 - 10?
4312162
In base 10, what is 472761 + 74?
472835
In base 4, what is 1123120 - 33023320?
-31300200
In base 6, what is 12 + 140043150?
140043202
In base 16, what is 111a - 16bee?
-15ad4
In base 11, what is -4 - -549848?
549844
In base 16, what is 1548a335 + 3?
1548a338
In base 15, what is 2 - 8ead75?
-8ead73
In base 15, what is 347e280a - -1?
347e280b
In base 12, what is -7b85723a - -2?
-7b857238
In base 2, what is 1111111000011010010100 + 10110110?
1111111000011101001010
In base 5, what is 1231 - 40240443?
-40234212
In base 13, what is 144c1a5a + -3?
144c1a57
In base 10, what is -501626149 - -1?
-501626148
In base 9, what is -745 - -80018?
78163
In base 9, what is 1510864 - 4?
1510860
In base 11, what is -1 - -3a080811?
3a080810
In base 3, what is -21120 - -1002010110220?
1002010012100
In base 7, what is -401260545 - -12?
-401260533
In base 7, what is -5 - 52435?
-52443
In base 9, what is -3 + 56510187?
56510184
In base 16, what is b - -84df81?
84df8c
In base 15, what is 373c4 - 25?
3739e
In base 11, what is -9842 - -1299?
-8554
In base 11, what is 928 + 1705a5?
171422
In base 2, what is 10011001000110101110 - -111?
10011001000110110101
In base 3, what is 1 - -101120022111112?
101120022111120
In base 10, what is -2536 - 2293?
-4829
In base 5, what is 32042202 + -344?
32041303
In base 14, what is -246 - c0c4?
-c32a
In base 10, what is -3 + -5654082?
-5654085
In base 12, what is -29aab8 - 42?
-29ab3a
In base 8, what is -56612257 + -5?
-56612264
In base 9, what is 4 + 58766167?
58766172
In base 12, what is 5 - 15b4aa0?
-15b4a97
In base 16, what is -38994 - e1?
-38a75
In base 15, what is -751080 - 3?
-751083
In base 2, what is -10 + 111101000101011010001?
111101000101011001111
In base 2, what is -10001010010000010000 + 11000110?
-10001010001101001010
In b